2212220021
Convert -11102122200 (base 3) to base 8.
-252274
Convert -15640660 (base 7) to base 14.
-2b8c30
What is -322232030111 (base 4) in base 6?
-1305534245
What is 11011010011111111 (base 2) in base 5?
12034441
-132310332100 (base 4) to base 16
-7b4f90
What is 68764 (base 11) in base 13?
36330
Convert -108cc6 (base 14) to base 2.
-10001001010001111110
What is 18a739 (base 11) in base 3?
112212001211
Convert 18b4c (base 16) to base 11.
6a037
What is 12714577 (base 8) in base 14?
54543d
Convert -1010000101010011010101 (base 2) to base 4.
-22011103111
Convert 121220021101000 (base 3) to base 11.
5084473
What is 10023031032 (base 4) in base 9?
2047306
What is -233312325 (base 6) in base 11?
-2510975
What is 1119da8 (base 15) in base 7?
205662611
What is -1131141 (base 7) in base 16?
-22b00
4b591 (base 16) to base 13
aa625
What is 1b75a2 (base 12) in base 10?
489866
45734 (base 9) to base 7
154612
What is 47502 (base 9) in base 8?
76012
Convert -3c559 (base 13) to base 2.
-11011100101000110
29ea00 (base 16) to base 15
393d55
Convert -124344010 (base 5) to base 14.
-122831
11003c4 (base 13) to base 2
10011110101001110110001
Convert -4203541 (base 7) to base 4.
-1323122221
200948 (base 10) to base 9
335575
What is 3649b65 (base 13) in base 4?
1000100111300
193c9 (base 15) to base 16
13fc8
What is 146025 (base 9) in base 5?
10332230
What is -562560 (base 7) in base 12?
-49646
-16272256 (base 8) to base 10
-3765422
-3761465 (base 11) to base 14
-c20552
Convert 3112030032 (base 4) to base 16.
d630e
1120002112 (base 3) to base 10
30686
4020a3 (base 11) to base 10
646979
What is 1225716 (base 8) in base 4?
1102233032
Convert 11302232 (base 6) to base 4.
1111203230
Convert -82690a (base 12) to base 14.
-3b2b7c
Convert 11541442 (base 6) to base 15.
74e12
Convert -3231037 (base 8) to base 15.
-121384
What is -443206 (base 7) in base 14?
-205ad
Convert -3046155 (base 8) to base 14.
-16da33
What is 1680235 (base 9) in base 5?
220012132
What is 103204252 (base 6) in base 11?
1044546
What is 13062116 (base 7) in base 13?
32951c
Convert -ca923 (base 15) to base 16.
-9d0ec
What is -75274 (base 11) in base 4?
-122232121
10110001000010111100100 (base 2) to base 5
2441121234
Convert 7efb (base 16) to base 8.
77373
Convert 14855711 (base 9) to base 7.
120024160
What is 131324410 (base 5) in base 2?
10011111001001001111
Convert 1010000000011111010 (base 2) to base 13.
b6355
What is -4046317 (base 9) in base 14?
-401d3b
What is -56c67 (base 15) in base 14?
-72908
-3591795 (base 11) to base 15
-838079
What is 56628 (base 16) in base 12?
150920
What is 17697b (base 12) in base 7?
3306632
-12215253 (base 7) to base 8
-4136003
-22111102100 (base 3) to base 7
-1264413
Convert 291320 (base 13) to base 16.
f4b7d
Convert -1a26bb (base 13) to base 9.
-1218652
-21643 (base 10) to base 16
-548b
What is -26412623 (base 7) in base 2?
-1001001111101100110110
Convert 2311211023 (base 4) to base 15.
ea58a
Convert -220002201210 (base 3) to base 16.
-73d10
Convert -11a632 (base 13) to base 16.
-673df
Convert 236d34 (base 14) to base 12.
4a4256
What is 32122122 (base 4) in base 16?
e69a
What is -353241 (base 6) in base 14?
-b1c5
Convert 2782206 (base 10) to base 8.
12471776
-111102021021 (base 3) to base 11
-170466
-112103100 (base 4) to base 5
-10410334
Convert 294664 (base 16) to base 2.
1010010100011001100100
What is -12202110200 (base 3) in base 7?
-651300
What is -520359 (base 10) in base 12?
-211173
What is -69620 (base 12) in base 2?
-100010011000111000
-76682 (base 9) to base 16
-c6ad
Convert -31011222223 (base 4) to base 7.
-41110105
Convert -122037 (base 9) to base 7.
-424522
149270 (base 10) to base 6
3111022
-9c021 (base 14) to base 11
-239584
Convert 666b (base 12) to base 9.
16462
-6254436 (base 9) to base 2
-1100110000000111100110
Convert -577237 (base 8) to base 13.
-6b437
-f9de4 (base 16) to base 5
-230222320
Convert -2534256 (base 7) to base 6.
-11010423
What is -2105301 (base 8) in base 6?
-15555413
What is -316058 (base 13) in base 12?
-47897b
-982bd0 (base 14) to base 7
-61551550
What is 525622 (base 7) in base 9?
147567
What is 50a8b (base 15) in base 8?
763022
What is -983bb (base 13) in base 7?
-2224404
Convert -1100110100100 (base 3) to base 11.
-450153
Convert 167457 (base 10) to base 8.
507041
What is -2fc79 (base 16) in base 7?
-1443366
What is 43212306 (base 7) in base 10?
3683973
Convert -2843a (base 12) to base 9.
-84631
-543102 (base 8) to base 11
-114677
What is -11211001000 (base 3) in base 5?
-11013142
255262 (base 7) to base 8
134564
-153522 (base 13) to base 15
-a480c
Convert -33522707 (base 8) to base 11.
-41030a1
-291a47 (base 11) to base 3
-212012011001
Convert 441244051 (base 6) to base 11.
45102a3
Convert 1100000111110010110111 (base 2) to base 3.
12222102220221
-89d41 (base 14) to base 13
-b9409
What is -322432203 (base 5) in base 3?
-2120210211212
What is 2211321101 (base 4) in base 11?
424582
-573911 (base 10) to base 13
-1712c0
What is -8f58 (base 16) in base 11?
-25630
Convert -3612316 (base 7) to base 10.
-457036
What is -b8a3 (base 12) in base 8?
-47473
Convert -1111011111001011 (base 2) to base 14.
-19191
Convert 12102333023 (base 4) to base 6.
55213455
112103b (base 12) to base 14
6148b5
35167716 (base 8) to base 14
1036bb8
What is 3434013242 (base 5) in base 13?
17a3a56
Convert 131313122 (base 4) to base 10.
122330
Convert -915949 (base 10) to base 2.
-11011111100111101101
13981 (base 16) to base 2
10011100110000001
Convert 8e7ad (base 15) to base 10.
453988
Convert -120624 (base 8) to base 13.
-15a9b
What is -1ce13d (base 16) in base 11?
-1082a99
88398 (base 11) to base 12
62272
Convert -1011000110000010011 (base 2) to base 4.
-1120300103
Convert -10320133023 (base 4) to base 13.
-35a786
Convert -10010021211 (base 3) to base 13.
-21c79
53a19 (base 11) to base 3
10222120202
Convert -322111313 (base 4) to base 11.
-1535a3
What is -253283 (base 10) in base 12?
-1026ab
24243042 (base 5) to base 4
313220321
Convert -4336592 (base 10) to base 9.
-8138615
-324514 (base 8) to base 2
-11010100101001100
Convert 103200022 (base 4) to base 8.
234012
What is 2272412 (base 9) in base 11?
76a160
What is 2042256 (base 8) in base 10?
541870
Convert 673344 (base 8) to base 14.
5ca56
Convert -1a8de (base 15) to base 6.
-1503532
-10202310 (base 4) to base 2
-100100010110100
5bc7 (base 14) to base 6
202151
-4df07 (base 16) to base 12
-1348b3
What is 3631677 (base 8) in base 15?
14a2e2
-11122040 (base 5) to base 11
-67a20
What is -106517 (base 10) in base 16?
-1a015
What is 2420022211 (base 5) in base 10?
5626556
Convert -1424142113 (base 5) to base 14.
-6d5111
19554 (base 15) to base 4
110010130
-12012212111200 (base 3) to base 2
-1010100100111100010100
What is 1242 (base 11) in base 2?
11001010011
What is -102101022000 (base 3) in base 13?
-7ac73
What is 5a110 (base 14) in base 15?
4518a
Convert a88ada (base 14) to base 2.
10101110001111101101000
What is 210202221021 (base 3) in base 2?
1101000101000111101
-20898 (base 16) to base 6
-2505000
62754 (base 14) to base 4
321331312
What is 10483 (base 9) in base 10?
6960
-310c6e (base 15) to base 7
-25550351
-14611151 (base 8) to base 2
-1100110001001001101001
Convert 409363 (base 12) to base 5.
224331022
What is -33023030 (base 5) in base 4?
-1011010022
110000211111 (base 3) to base 11
151a06
Convert -71324 (base 8) to base 12.
-15018
What is -21221010 (base 3) in base 10?
-5781
Convert -20212201222 (base 3) to base 11.
-92805
-32278 (base 15) to base 4
-212313110
Convert -10010101011100001 (base 2) to base 10.
-76513
Convert 2534737 (base 9) to base 4.
11101033033
-1a69041 (base 11) to base 4
-31102011111
What is -39cc1c (base 13) in base 14?
-285d73
Convert 8b883 (base 14) to base 12.
144363
What is 524421 (base 7) in base 12?
443b0
Convert -36818 (base 9) to base 11.
-17635
What is 1077407 (base 9) in base 4?
2032102102
-56c12 (base 13) to base 3
-22000202222
What is -39009 (base 11) in base 15?
-11876
Convert 23975 (base 10) to base 15.
7185
What is -223511a (base 13) in base 7?
-155122011
What is 44060505 (base 8) in base 13?
1c63a89
What is 144928 (base 10) in base 6?
3034544
What is 1010111010001011110 (base 2) in base 9?
604318
-12430523 (base 7) to base 2
-100010100101111011110
Convert -1111